{"id":35833,"date":"2025-03-04T17:09:06","date_gmt":"2025-03-04T16:09:06","guid":{"rendered":"https:\/\/elisek.cz\/zdravotnicek\/?page_id=35833"},"modified":"2025-03-04T17:13:03","modified_gmt":"2025-03-04T16:13:03","slug":"narodni-program-zivotniho-prostredi","status":"publish","type":"page","link":"https:\/\/elisek.cz\/zdravotnicek\/narodni-program-zivotniho-prostredi\/","title":{"rendered":"N\u00e1rodn\u00ed program \u017eivotn\u00edho prost\u0159ed\u00ed"},"content":{"rendered":"\t\t<div data-elementor-type=\"wp-page\" data-elementor-id=\"35833\" class=\"elementor elementor-35833\">\n\t\t\t\t\t\t<section class=\"elementor-section elementor-top-section elementor-element elementor-element-77736bbe elementor-section-boxed elementor-section-height-default elementor-section-height-default\" data-id=\"77736bbe\" data-element_type=\"section\">\n\t\t\t\t\t\t<div class=\"elementor-container elementor-column-gap-default\">\n\t\t\t\t\t<div class=\"elementor-column elementor-col-100 elementor-top-column elementor-element elementor-element-656bdcfa\" data-id=\"656bdcfa\" data-element_type=\"column\">\n\t\t\t<div class=\"elementor-widget-wrap elementor-element-populated\">\n\t\t\t\t\t\t<div class=\"elementor-element elementor-element-24d80d65 lte-heading-align-tablet-center elementor-widget elementor-widget-lte-header\" data-id=\"24d80d65\" data-element_type=\"widget\" data-widget_type=\"lte-header.default\">\n\t\t\t\t<div class=\"elementor-widget-container\">\n\t\t\t\t\t<div class=\"lte-heading lte-style-header-subheader lte-subcolor-main has-subheader heading-tag-h2 heading-subtag-h6\"><div class=\"lte-heading-content\"><h6 class=\"lte-subheader\">Kdo n\u00e1s podporuje?<\/h6><h2 class=\"lte-header\">N\u00e1rodn\u00ed program \u017eivotn\u00edho prost\u0159ed\u00ed<\/h2><\/div><\/div>\t\t\t\t<\/div>\n\t\t\t\t<\/div>\n\t\t\t\t<div class=\"elementor-element elementor-element-2bf56b61 elementor-widget elementor-widget-text-editor\" data-id=\"2bf56b61\" data-element_type=\"widget\" data-widget_type=\"text-editor.default\">\n\t\t\t\t<div class=\"elementor-widget-container\">\n\t\t\t\t\t\t\t\t\t<p>Tento projekt je spolufinancov\u00e1n St\u00e1tn\u00edm fondem \u017eivotn\u00edho prost\u0159ed\u00ed \u010cR na z\u00e1klad\u011b rozhodnut\u00ed ministra \u017eivotn\u00edho prost\u0159ed\u00ed.<\/p><p>N\u00e1zev projektu: P\u0159\u00edrodn\u00ed zahrada Zv\u00eddav\u00e9ho mravene\u010dka<br \/>Podporovan\u00e1 aktivita \u2013 6. 1. C -Rekonstrukce a vybaven\u00ed center ekologick\u00e9 v\u00fdchovy, u\u010deben a jin\u00fdch za\u0159\u00edzen\u00ed pro \u00fa\u010dely EVVO.<br \/>V\u00fdzva: \u010d. NP\u017dP 7\/2019 \u2013 6.1.C a)<\/p><p>Anotace projektu: <em>C\u00edlem projektu je v\u00e9st d\u011bti u\u017e od \u201e\u00fatl\u00e9ho v\u011bku\u201c k odpov\u011bdn\u00e9mu jedn\u00e1n\u00ed k \u017eivotn\u00edmu prost\u0159ed\u00ed a jeho postupn\u00e9mu zlep\u0161ov\u00e1n\u00ed.\u00a0 Na z\u00e1klad\u011b z\u00edskan\u00fdch znalost\u00ed a poznatk\u016f maj\u00ed d\u011bti z\u00edskat pov\u011bdom\u00ed o propojenosti mezi lidskou \u010dinnost\u00ed a procesy v p\u0159\u00edrod\u011b. Z\u00e1jmem na\u0161\u00ed d\u011btsk\u00e9 skupiny, ve kter\u00e9 jsou d\u011bti od 1,5 roku do 3 let, je dostat p\u0159\u00edrodu do zahrady a d\u011bti do p\u0159\u00edrody. Jednotliv\u00e9 prvky jsou voleny tak, aby probudily z\u00e1jem o pozorov\u00e1n\u00ed p\u0159\u00edrodn\u00edch proces\u016f a umo\u017enily z\u00edskat informaci na z\u00e1klad\u011b zku\u0161enosti a jsou adekv\u00e1tn\u00ed v\u011bku d\u011bt\u00ed v\u00a0na\u0161\u00ed d\u011btsk\u00e9 skupin\u011b. Velk\u00fd v\u00fdznam hraje aktivn\u00ed p\u0159\u00edstup. D\u011bti se budou pod\u00edlet na jednoduch\u00fdch \u00fakonech, db\u00e1t o po\u0159\u00e1dek, t\u0159\u00eddit odpad, starat se o rostliny a \u017eivo\u010dichy-samoz\u0159ejm\u011b s\u00a0dohledem pe\u010duj\u00edc\u00edch osob. Jedn\u00e1 se n\u00e1m o p\u0159em\u011bnu st\u00e1vaj\u00edc\u00edch venkovn\u00edch prostor d\u011btsk\u00e9 skupiny tak, abychom mohli n\u00e1\u0161 c\u00edl plnit celoro\u010dn\u011b, aby nov\u00e1 p\u0159\u00edrodn\u00ed zahrada slou\u017eila k environment\u00e1ln\u00edmu vzd\u011bl\u00e1v\u00e1n\u00ed, v\u00fdchov\u011b a osv\u011bt\u011b, podporovala u d\u011bt\u00ed pravideln\u00fd pobyt s p\u0159\u00edrodn\u00edm prost\u0159ed\u00edm a zdrav\u00fd kontakt s\u00a0rizikem, aby n\u00e1m pomohla k\u00a0realizaci spole\u010dn\u00fdch akci d\u011bt\u00ed, zam\u011bstnanc\u016f \u0161koly a rodi\u010d\u016f.<\/em><\/p><p>N\u00e1rodn\u00ed program \u017eivotn\u00edho prost\u0159ed\u00ed<br \/><a href=\"http:\/\/www.mzp.cz\/\">www.mzp.cz<\/a> \/ <a href=\"http:\/\/www.sfzp.cz\/\">www.sfzp.cz<\/a><\/p>\t\t\t\t\t\t\t\t<\/div>\n\t\t\t\t<\/div>\n\t\t\t\t\t<\/div>\n\t\t<\/div>\n\t\t\t\t\t<\/div>\n\t\t<\/section>\n\t\t\t\t<section class=\"elementor-section elementor-top-section elementor-element elementor-element-19cdebd elementor-section-boxed elementor-section-height-default elementor-section-height-default\" data-id=\"19cdebd\" data-element_type=\"section\">\n\t\t\t\t\t\t<div class=\"elementor-container elementor-column-gap-default\">\n\t\t\t\t\t<div class=\"elementor-column elementor-col-50 elementor-top-column elementor-element elementor-element-83f244b\" data-id=\"83f244b\" data-element_type=\"column\">\n\t\t\t<div class=\"elementor-widget-wrap elementor-element-populated\">\n\t\t\t\t\t\t<div class=\"elementor-element elementor-element-4095bd65 elementor-widget elementor-widget-image\" data-id=\"4095bd65\" data-element_type=\"widget\" data-widget_type=\"image.default\">\n\t\t\t\t<div class=\"elementor-widget-container\">\n\t\t\t\t\t\t\t\t\t\t\t\t\t\t\t<img fetchpriority=\"high\" decoding=\"async\" width=\"437\" height=\"154\" src=\"https:\/\/elisek.cz\/zdravotnicek\/wp-content\/uploads\/2025\/03\/201507201952_logo-MZP.png\" class=\"attachment-large size-large wp-image-35840\" alt=\"\" srcset=\"https:\/\/elisek.cz\/zdravotnicek\/wp-content\/uploads\/2025\/03\/201507201952_logo-MZP.png 437w, https:\/\/elisek.cz\/zdravotnicek\/wp-content\/uploads\/2025\/03\/201507201952_logo-MZP-300x106.png 300w, https:\/\/elisek.cz\/zdravotnicek\/wp-content\/uploads\/2025\/03\/201507201952_logo-MZP-100x35.png 100w\" sizes=\"(max-width: 437px) 100vw, 437px\" \/>\t\t\t\t\t\t\t\t\t\t\t\t\t\t\t<\/div>\n\t\t\t\t<\/div>\n\t\t\t\t\t<\/div>\n\t\t<\/div>\n\t\t\t\t<div class=\"elementor-column elementor-col-50 elementor-top-column elementor-element elementor-element-2ca786a\" data-id=\"2ca786a\" data-element_type=\"column\">\n\t\t\t<div class=\"elementor-widget-wrap elementor-element-populated\">\n\t\t\t\t\t\t<div class=\"elementor-element elementor-element-fba2ca2 elementor-widget elementor-widget-image\" data-id=\"fba2ca2\" data-element_type=\"widget\" data-widget_type=\"image.default\">\n\t\t\t\t<div class=\"elementor-widget-container\">\n\t\t\t\t\t\t\t\t\t\t\t\t\t\t\t<img decoding=\"async\" width=\"768\" height=\"274\" src=\"https:\/\/elisek.cz\/zdravotnicek\/wp-content\/uploads\/2025\/03\/SFZP_H_CMYK_LOGO-768x274-1.jpg\" class=\"attachment-large size-large wp-image-35841\" alt=\"\" srcset=\"https:\/\/elisek.cz\/zdravotnicek\/wp-content\/uploads\/2025\/03\/SFZP_H_CMYK_LOGO-768x274-1.jpg 768w, https:\/\/elisek.cz\/zdravotnicek\/wp-content\/uploads\/2025\/03\/SFZP_H_CMYK_LOGO-768x274-1-300x107.jpg 300w, https:\/\/elisek.cz\/zdravotnicek\/wp-content\/uploads\/2025\/03\/SFZP_H_CMYK_LOGO-768x274-1-500x178.jpg 500w, https:\/\/elisek.cz\/zdravotnicek\/wp-content\/uploads\/2025\/03\/SFZP_H_CMYK_LOGO-768x274-1-100x36.jpg 100w\" sizes=\"(max-width: 768px) 100vw, 768px\" \/>\t\t\t\t\t\t\t\t\t\t\t\t\t\t\t<\/div>\n\t\t\t\t<\/div>\n\t\t\t\t\t<\/div>\n\t\t<\/div>\n\t\t\t\t\t<\/div>\n\t\t<\/section>\n\t\t\t\t<\/div>\n\t\t","protected":false},"excerpt":{"rendered":"<p>Kdo n\u00e1s podporuje? N\u00e1rodn\u00ed program \u017eivotn\u00edho prost\u0159ed\u00ed Tento projekt je spolufinancov\u00e1n St\u00e1tn\u00edm fondem \u017eivotn\u00edho prost\u0159ed\u00ed \u010cR na z\u00e1klad\u011b rozhodnut\u00ed ministra \u017eivotn\u00edho prost\u0159ed\u00ed. N\u00e1zev projektu: P\u0159\u00edrodn\u00ed zahrada Zv\u00eddav\u00e9ho mravene\u010dkaPodporovan\u00e1 aktivita \u2013 [&hellip;]<\/p>\n","protected":false},"author":1,"featured_media":0,"parent":0,"menu_order":0,"comment_status":"closed","ping_status":"closed","template":"","meta":{"footnotes":""},"class_list":["post-35833","page","type-page","status-publish","hentry"],"_links":{"self":[{"href":"https:\/\/elisek.cz\/zdravotnicek\/wp-json\/wp\/v2\/pages\/35833","targetHints":{"allow":["GET"]}}],"collection":[{"href":"https:\/\/elisek.cz\/zdravotnicek\/wp-json\/wp\/v2\/pages"}],"about":[{"href":"https:\/\/elisek.cz\/zdravotnicek\/wp-json\/wp\/v2\/types\/page"}],"author":[{"embeddable":true,"href":"https:\/\/elisek.cz\/zdravotnicek\/wp-json\/wp\/v2\/users\/1"}],"replies":[{"embeddable":true,"href":"https:\/\/elisek.cz\/zdravotnicek\/wp-json\/wp\/v2\/comments?post=35833"}],"version-history":[{"count":0,"href":"https:\/\/elisek.cz\/zdravotnicek\/wp-json\/wp\/v2\/pages\/35833\/revisions"}],"wp:attachment":[{"href":"https:\/\/elisek.cz\/zdravotnicek\/wp-json\/wp\/v2\/media?parent=35833"}],"curies":[{"name":"wp","href":"https:\/\/api.w.org\/{rel}","templated":true}]}}