{"id":35311,"date":"2025-02-12T12:48:04","date_gmt":"2025-02-12T11:48:04","guid":{"rendered":"https:\/\/new.elisek.cz\/?page_id=35308"},"modified":"2025-03-04T16:35:13","modified_gmt":"2025-03-04T15:35:13","slug":"vylety-a-akce","status":"publish","type":"page","link":"https:\/\/elisek.cz\/zdravotnicek\/vylety-a-akce\/","title":{"rendered":"V\u00fdlety a akce"},"content":{"rendered":"\t\t<div data-elementor-type=\"wp-page\" data-elementor-id=\"35311\" class=\"elementor elementor-35311\">\n\t\t\t\t\t\t<section class=\"elementor-section elementor-top-section elementor-element elementor-element-169cdf9f elementor-section-boxed elementor-section-height-default elementor-section-height-default\" data-id=\"169cdf9f\" data-element_type=\"section\">\n\t\t\t\t\t\t<div class=\"elementor-container elementor-column-gap-default\">\n\t\t\t\t\t<div class=\"elementor-column elementor-col-100 elementor-top-column elementor-element elementor-element-34e1d378\" data-id=\"34e1d378\" data-element_type=\"column\">\n\t\t\t<div class=\"elementor-widget-wrap elementor-element-populated\">\n\t\t\t\t\t\t<div class=\"elementor-element elementor-element-477710c4 lte-heading-align-tablet-center elementor-widget elementor-widget-lte-header\" data-id=\"477710c4\" data-element_type=\"widget\" data-widget_type=\"lte-header.default\">\n\t\t\t\t<div class=\"elementor-widget-container\">\n\t\t\t\t\t<div class=\"lte-heading lte-style-header-subheader lte-subcolor-main has-subheader heading-tag-h2 heading-subtag-h6\"><div class=\"lte-heading-content\"><h6 class=\"lte-subheader\">Kdy jezd\u00edme na v\u00fdlety?<\/h6><h2 class=\"lte-header\">V\u00fdlety a akce<\/h2><\/div><\/div>\t\t\t\t<\/div>\n\t\t\t\t<\/div>\n\t\t\t\t<div class=\"elementor-element elementor-element-6f25e4ac elementor-widget elementor-widget-text-editor\" data-id=\"6f25e4ac\" data-element_type=\"widget\" data-widget_type=\"text-editor.default\">\n\t\t\t\t<div class=\"elementor-widget-container\">\n\t\t\t\t\t\t\t\t\t<h5 data-start=\"22\" data-end=\"329\"><strong data-start=\"22\" data-end=\"44\">Informov\u00e1n\u00ed rodi\u010d\u016f<\/strong><\/h5><p data-start=\"22\" data-end=\"329\">Pokud bude do programu za\u0159azena nap\u0159. n\u00e1v\u0161t\u011bva divadla, cirkusu, v\u00fdlet nebo jin\u00e1 akce (nap\u0159. v\u00e1no\u010dn\u00ed bes\u00eddka, mikul\u00e1\u0161sk\u00e1 apod.), rodi\u010de budou v\u017edy informov\u00e1ni alespo\u0148 t\u00fdden dop\u0159edu. Informace budou zve\u0159ejn\u011bny na n\u00e1st\u011bnce \u0161kolky a tak\u00e9 na webov\u00fdch a Facebookov\u00fdch str\u00e1nk\u00e1ch DS Zdravotn\u00ed\u010dek.<\/p><h5 data-start=\"335\" data-end=\"483\"><strong data-start=\"335\" data-end=\"364\">\u00da\u010dast d\u011bt\u00ed mimo DS Zdravotn\u00ed\u010dek<\/strong><\/h5><p data-start=\"335\" data-end=\"483\">Akc\u00ed se mohou z\u00fa\u010dastnit i d\u011bti, kter\u00e9 nejsou zapsan\u00e9 v DS Zdravotn\u00ed\u010dek, pokud jsou v\u010das p\u0159ihl\u00e1\u0161eny u zam\u011bstnanc\u016f DS Zdravotn\u00ed\u010dek.<\/p><h5 data-start=\"487\" data-end=\"590\"><strong data-start=\"487\" data-end=\"506\">Pravideln\u00e9 akce<\/strong><\/h5><p data-start=\"487\" data-end=\"590\" data-is-last-node=\"\">Pravideln\u00e9 akce jsou uvedeny v sekci <em data-start=\"545\" data-end=\"562\">T\u00fddenn\u00ed program<\/em> nebo v <em data-start=\"570\" data-end=\"589\">Harmonogramu roku<\/em>.<\/p>\t\t\t\t\t\t\t\t<\/div>\n\t\t\t\t<\/div>\n\t\t\t\t\t<\/div>\n\t\t<\/div>\n\t\t\t\t\t<\/div>\n\t\t<\/section>\n\t\t\t\t<\/div>\n\t\t","protected":false},"excerpt":{"rendered":"<p>Kdy jezd\u00edme na v\u00fdlety? V\u00fdlety a akce Informov\u00e1n\u00ed rodi\u010d\u016f Pokud bude do programu za\u0159azena nap\u0159. n\u00e1v\u0161t\u011bva divadla, cirkusu, v\u00fdlet nebo jin\u00e1 akce (nap\u0159. v\u00e1no\u010dn\u00ed bes\u00eddka, mikul\u00e1\u0161sk\u00e1 apod.), rodi\u010de budou v\u017edy [&hellip;]<\/p>\n","protected":false},"author":1,"featured_media":0,"parent":0,"menu_order":0,"comment_status":"closed","ping_status":"closed","template":"","meta":{"footnotes":""},"class_list":["post-35311","page","type-page","status-publish","hentry"],"_links":{"self":[{"href":"https:\/\/elisek.cz\/zdravotnicek\/wp-json\/wp\/v2\/pages\/35311","targetHints":{"allow":["GET"]}}],"collection":[{"href":"https:\/\/elisek.cz\/zdravotnicek\/wp-json\/wp\/v2\/pages"}],"about":[{"href":"https:\/\/elisek.cz\/zdravotnicek\/wp-json\/wp\/v2\/types\/page"}],"author":[{"embeddable":true,"href":"https:\/\/elisek.cz\/zdravotnicek\/wp-json\/wp\/v2\/users\/1"}],"replies":[{"embeddable":true,"href":"https:\/\/elisek.cz\/zdravotnicek\/wp-json\/wp\/v2\/comments?post=35311"}],"version-history":[{"count":0,"href":"https:\/\/elisek.cz\/zdravotnicek\/wp-json\/wp\/v2\/pages\/35311\/revisions"}],"wp:attachment":[{"href":"https:\/\/elisek.cz\/zdravotnicek\/wp-json\/wp\/v2\/media?parent=35311"}],"curies":[{"name":"wp","href":"https:\/\/api.w.org\/{rel}","templated":true}]}}