{"id":35276,"date":"2025-02-12T12:04:28","date_gmt":"2025-02-12T11:04:28","guid":{"rendered":"https:\/\/new.elisek.cz\/?page_id=35273"},"modified":"2025-03-04T16:31:33","modified_gmt":"2025-03-04T15:31:33","slug":"odchod-ditete","status":"publish","type":"page","link":"https:\/\/elisek.cz\/zdravotnicek\/odchod-ditete\/","title":{"rendered":"Odchod d\u00edt\u011bte"},"content":{"rendered":"\t\t<div data-elementor-type=\"wp-page\" data-elementor-id=\"35276\" class=\"elementor elementor-35276\">\n\t\t\t\t\t\t<section class=\"elementor-section elementor-top-section elementor-element elementor-element-6a36a4dd elementor-section-boxed elementor-section-height-default elementor-section-height-default\" data-id=\"6a36a4dd\" data-element_type=\"section\">\n\t\t\t\t\t\t<div class=\"elementor-container elementor-column-gap-default\">\n\t\t\t\t\t<div class=\"elementor-column elementor-col-100 elementor-top-column elementor-element elementor-element-89a708b\" data-id=\"89a708b\" data-element_type=\"column\">\n\t\t\t<div class=\"elementor-widget-wrap elementor-element-populated\">\n\t\t\t\t\t\t<div class=\"elementor-element elementor-element-42ad484e lte-heading-align-tablet-center elementor-widget elementor-widget-lte-header\" data-id=\"42ad484e\" data-element_type=\"widget\" data-widget_type=\"lte-header.default\">\n\t\t\t\t<div class=\"elementor-widget-container\">\n\t\t\t\t\t<div class=\"lte-heading lte-style-header-subheader lte-subcolor-main has-subheader heading-tag-h2 heading-subtag-h6\"><div class=\"lte-heading-content\"><h6 class=\"lte-subheader\">Jak to u n\u00e1s funguje?<\/h6><h2 class=\"lte-header\">Odchod d\u00edt\u011bte<\/h2><\/div><\/div>\t\t\t\t<\/div>\n\t\t\t\t<\/div>\n\t\t\t\t<div class=\"elementor-element elementor-element-30ac4ddd elementor-widget elementor-widget-text-editor\" data-id=\"30ac4ddd\" data-element_type=\"widget\" data-widget_type=\"text-editor.default\">\n\t\t\t\t<div class=\"elementor-widget-container\">\n\t\t\t\t\t\t\t\t\t<h5 data-start=\"34\" data-end=\"250\"><strong data-start=\"34\" data-end=\"55\">Vyzvednut\u00ed d\u00edt\u011bte<\/strong><\/h5><p data-start=\"34\" data-end=\"250\">D\u00edt\u011b m\u016f\u017ee vyzvednout osoba star\u0161\u00ed 18 let. Pokud m\u00e1 d\u00edt\u011b vyzvednout n\u011bkdo jin\u00fd ne\u017e z\u00e1konn\u00fd z\u00e1stupce, je nutn\u00e9 toto r\u00e1no nahl\u00e1sit, a to v\u010detn\u011b \u010d\u00edsla ob\u010dansk\u00e9ho pr\u016fkazu (OP) vyzved\u00e1vaj\u00edc\u00ed osoby.<\/p><ul data-start=\"253\" data-end=\"439\"><li data-start=\"253\" data-end=\"372\">Seznam opr\u00e1vn\u011bn\u00fdch osob: Do p\u0159ihl\u00e1\u0161ky d\u00edt\u011bte je mo\u017en\u00e9 uv\u00e9st osoby a jejich \u010d\u00edsla OP, kter\u00e9 mohou d\u00edt\u011b vyzvednout.<\/li><li data-start=\"375\" data-end=\"439\">Bez \u0159\u00e1dn\u00e9ho nahl\u00e1\u0161en\u00ed zm\u011bny nebude d\u00edt\u011b vyd\u00e1no jin\u00e9 osob\u011b.<\/li><\/ul><h5 data-start=\"443\" data-end=\"460\"><strong data-start=\"443\" data-end=\"459\">\u010casy odchodu<\/strong><\/h5><ul data-start=\"463\" data-end=\"651\"><li data-start=\"463\" data-end=\"491\">P\u0159ed ob\u011bdem: 11:00 \u2013 11:30<\/li><li data-start=\"494\" data-end=\"519\">Po ob\u011bd\u011b: 12:00 \u2013 12:30<\/li><li data-start=\"522\" data-end=\"559\">Po odpoledn\u00ed sva\u010din\u011b: 15:00 \u2013 17:00<\/li><li data-start=\"562\" data-end=\"651\">Po dohod\u011b: Odchod d\u00edt\u011bte je tak\u00e9 mo\u017en\u00fd po p\u0159edchoz\u00ed dohod\u011b s pracovn\u00edkem DS Zdravotn\u00ed\u010dek.<\/li><\/ul><h5 data-start=\"655\" data-end=\"877\"><strong data-start=\"655\" data-end=\"692\">Nahl\u00e1\u0161en\u00ed \u010dasu p\u0159\u00edchodu a odchodu<\/strong><\/h5><p data-start=\"655\" data-end=\"877\" data-is-last-node=\"\">Z organiza\u010dn\u00edch a kapacitn\u00edch d\u016fvod\u016f pros\u00edme rodi\u010de, aby nahl\u00e1sili \u010das p\u0159\u00edchodu a odchodu d\u00edt\u011bte alespo\u0148 den dop\u0159edu. To n\u00e1m pom\u016f\u017ee l\u00e9pe zorganizovat p\u00e9\u010di a zaji\u0161t\u011bn\u00ed plynul\u00e9ho chodu.<\/p>\t\t\t\t\t\t\t\t<\/div>\n\t\t\t\t<\/div>\n\t\t\t\t\t<\/div>\n\t\t<\/div>\n\t\t\t\t\t<\/div>\n\t\t<\/section>\n\t\t\t\t<section class=\"elementor-section elementor-top-section elementor-element elementor-element-b39b8c5 elementor-section-boxed elementor-section-height-default elementor-section-height-default\" data-id=\"b39b8c5\" data-element_type=\"section\">\n\t\t\t\t\t\t<div class=\"elementor-container elementor-column-gap-default\">\n\t\t\t\t\t<div class=\"elementor-column elementor-col-100 elementor-top-column elementor-element elementor-element-13cf9013\" data-id=\"13cf9013\" data-element_type=\"column\">\n\t\t\t<div class=\"elementor-widget-wrap\">\n\t\t\t\t\t\t\t<\/div>\n\t\t<\/div>\n\t\t\t\t\t<\/div>\n\t\t<\/section>\n\t\t\t\t<\/div>\n\t\t","protected":false},"excerpt":{"rendered":"<p>Jak to u n\u00e1s funguje? Odchod d\u00edt\u011bte Vyzvednut\u00ed d\u00edt\u011bte D\u00edt\u011b m\u016f\u017ee vyzvednout osoba star\u0161\u00ed 18 let. Pokud m\u00e1 d\u00edt\u011b vyzvednout n\u011bkdo jin\u00fd ne\u017e z\u00e1konn\u00fd z\u00e1stupce, je nutn\u00e9 toto r\u00e1no nahl\u00e1sit, [&hellip;]<\/p>\n","protected":false},"author":1,"featured_media":0,"parent":0,"menu_order":0,"comment_status":"closed","ping_status":"closed","template":"","meta":{"footnotes":""},"class_list":["post-35276","page","type-page","status-publish","hentry"],"_links":{"self":[{"href":"https:\/\/elisek.cz\/zdravotnicek\/wp-json\/wp\/v2\/pages\/35276","targetHints":{"allow":["GET"]}}],"collection":[{"href":"https:\/\/elisek.cz\/zdravotnicek\/wp-json\/wp\/v2\/pages"}],"about":[{"href":"https:\/\/elisek.cz\/zdravotnicek\/wp-json\/wp\/v2\/types\/page"}],"author":[{"embeddable":true,"href":"https:\/\/elisek.cz\/zdravotnicek\/wp-json\/wp\/v2\/users\/1"}],"replies":[{"embeddable":true,"href":"https:\/\/elisek.cz\/zdravotnicek\/wp-json\/wp\/v2\/comments?post=35276"}],"version-history":[{"count":0,"href":"https:\/\/elisek.cz\/zdravotnicek\/wp-json\/wp\/v2\/pages\/35276\/revisions"}],"wp:attachment":[{"href":"https:\/\/elisek.cz\/zdravotnicek\/wp-json\/wp\/v2\/media?parent=35276"}],"curies":[{"name":"wp","href":"https:\/\/api.w.org\/{rel}","templated":true}]}}