{"id":35272,"date":"2025-02-12T12:04:17","date_gmt":"2025-02-12T11:04:17","guid":{"rendered":"https:\/\/new.elisek.cz\/?page_id=35271"},"modified":"2025-02-12T12:04:17","modified_gmt":"2025-02-12T11:04:17","slug":"vybaveni-k-dispozici-vsem-detem","status":"publish","type":"page","link":"https:\/\/elisek.cz\/zdravotnicek\/vybaveni-k-dispozici-vsem-detem\/","title":{"rendered":"Vybaven\u00ed k dispozici v\u0161em d\u011btem"},"content":{"rendered":"\t\t<div data-elementor-type=\"wp-page\" data-elementor-id=\"35272\" class=\"elementor elementor-35272\">\n\t\t\t\t\t\t<section class=\"elementor-section elementor-top-section elementor-element elementor-element-261589ad elementor-section-boxed elementor-section-height-default elementor-section-height-default\" data-id=\"261589ad\" data-element_type=\"section\">\n\t\t\t\t\t\t<div class=\"elementor-container elementor-column-gap-default\">\n\t\t\t\t\t<div class=\"elementor-column elementor-col-100 elementor-top-column elementor-element elementor-element-663b6ee2\" data-id=\"663b6ee2\" data-element_type=\"column\">\n\t\t\t<div class=\"elementor-widget-wrap elementor-element-populated\">\n\t\t\t\t\t\t<div class=\"elementor-element elementor-element-a204bef lte-heading-align-tablet-center elementor-widget elementor-widget-lte-header\" data-id=\"a204bef\" data-element_type=\"widget\" data-widget_type=\"lte-header.default\">\n\t\t\t\t<div class=\"elementor-widget-container\">\n\t\t\t\t\t<div class=\"lte-heading lte-style-header-subheader lte-subcolor-main has-subheader heading-tag-h2 heading-subtag-h6\"><div class=\"lte-heading-content\"><h6 class=\"lte-subheader\">Co nemus\u00edte po\u0159izovat?<\/h6><h2 class=\"lte-header\">Vybaven\u00ed k dispozici v\u0161em d\u011btem<\/h2><\/div><\/div>\t\t\t\t<\/div>\n\t\t\t\t<\/div>\n\t\t\t\t<div class=\"elementor-element elementor-element-423ca1b2 elementor-widget elementor-widget-text-editor\" data-id=\"423ca1b2\" data-element_type=\"widget\" data-widget_type=\"text-editor.default\">\n\t\t\t\t<div class=\"elementor-widget-container\">\n\t\t\t\t\t\t\t\t\t<h5 data-start=\"0\" data-end=\"32\">Nemus\u00edte po\u0159izovat<\/h5><ul data-start=\"34\" data-end=\"507\" data-is-last-node=\"\"><li data-start=\"34\" data-end=\"121\">Vlastn\u00ed m\u00edsto, kter\u00e9 bude ozna\u010den\u00e9, \u017eidli\u010dku, h\u00e1\u010dek s ru\u010dn\u00edkem v koupeln\u011b a post\u00fdlku.<\/li><li data-start=\"122\" data-end=\"168\">Reflexn\u00ed bezpe\u010dnostn\u00ed vesti\u010dku na proch\u00e1zky.<\/li><li data-start=\"169\" data-end=\"188\">Brynd\u00e1k na j\u00eddlo.<\/li><li data-start=\"189\" data-end=\"265\">Z\u00e1st\u011bru s dlouh\u00fdmi ruk\u00e1vy pro kreativn\u00ed \u010dinnosti, aby se d\u011bti neza\u0161pinily.<\/li><li data-start=\"266\" data-end=\"321\">Zubn\u00ed pastu, tekut\u00e9 m\u00fddlo, toaletn\u00ed pap\u00edr v koupeln\u011b.<\/li><li data-start=\"322\" data-end=\"388\">Pap\u00edrov\u00e9 kapesn\u00ed\u010dky a ubrousky (jak uvnit\u0159, tak na proch\u00e1zk\u00e1ch).<\/li><li data-start=\"389\" data-end=\"414\">Ru\u010dn\u00edky a lo\u017en\u00ed pr\u00e1dlo.<\/li><li data-start=\"415\" data-end=\"486\">Pastelky, tu\u017eky, fixy, pap\u00edry a dal\u0161\u00ed pot\u0159eby pro kreativn\u00ed \u010dinnosti.<\/li><li data-start=\"487\" data-end=\"507\" data-is-last-node=\"\">D\u011btskou kosmetiku.<\/li><\/ul>\t\t\t\t\t\t\t\t<\/div>\n\t\t\t\t<\/div>\n\t\t\t\t\t<\/div>\n\t\t<\/div>\n\t\t\t\t\t<\/div>\n\t\t<\/section>\n\t\t\t\t<section class=\"elementor-section elementor-top-section elementor-element elementor-element-3710d903 elementor-section-boxed elementor-section-height-default elementor-section-height-default\" data-id=\"3710d903\" data-element_type=\"section\">\n\t\t\t\t\t\t<div class=\"elementor-container elementor-column-gap-default\">\n\t\t\t\t\t<div class=\"elementor-column elementor-col-100 elementor-top-column elementor-element elementor-element-74a27a9f\" data-id=\"74a27a9f\" data-element_type=\"column\">\n\t\t\t<div class=\"elementor-widget-wrap\">\n\t\t\t\t\t\t\t<\/div>\n\t\t<\/div>\n\t\t\t\t\t<\/div>\n\t\t<\/section>\n\t\t\t\t<\/div>\n\t\t","protected":false},"excerpt":{"rendered":"<p>Co nemus\u00edte po\u0159izovat? Vybaven\u00ed k dispozici v\u0161em d\u011btem Nemus\u00edte po\u0159izovat Vlastn\u00ed m\u00edsto, kter\u00e9 bude ozna\u010den\u00e9, \u017eidli\u010dku, h\u00e1\u010dek s ru\u010dn\u00edkem v koupeln\u011b a post\u00fdlku. Reflexn\u00ed bezpe\u010dnostn\u00ed vesti\u010dku na proch\u00e1zky. Brynd\u00e1k na [&hellip;]<\/p>\n","protected":false},"author":1,"featured_media":0,"parent":0,"menu_order":0,"comment_status":"closed","ping_status":"closed","template":"","meta":{"footnotes":""},"class_list":["post-35272","page","type-page","status-publish","hentry"],"_links":{"self":[{"href":"https:\/\/elisek.cz\/zdravotnicek\/wp-json\/wp\/v2\/pages\/35272","targetHints":{"allow":["GET"]}}],"collection":[{"href":"https:\/\/elisek.cz\/zdravotnicek\/wp-json\/wp\/v2\/pages"}],"about":[{"href":"https:\/\/elisek.cz\/zdravotnicek\/wp-json\/wp\/v2\/types\/page"}],"author":[{"embeddable":true,"href":"https:\/\/elisek.cz\/zdravotnicek\/wp-json\/wp\/v2\/users\/1"}],"replies":[{"embeddable":true,"href":"https:\/\/elisek.cz\/zdravotnicek\/wp-json\/wp\/v2\/comments?post=35272"}],"version-history":[{"count":0,"href":"https:\/\/elisek.cz\/zdravotnicek\/wp-json\/wp\/v2\/pages\/35272\/revisions"}],"wp:attachment":[{"href":"https:\/\/elisek.cz\/zdravotnicek\/wp-json\/wp\/v2\/media?parent=35272"}],"curies":[{"name":"wp","href":"https:\/\/api.w.org\/{rel}","templated":true}]}}