{"id":34943,"date":"2025-02-11T14:32:15","date_gmt":"2025-02-11T13:32:15","guid":{"rendered":"https:\/\/new.elisek.cz\/?page_id=34943"},"modified":"2025-02-11T14:32:15","modified_gmt":"2025-02-11T13:32:15","slug":"nase-cile-vize-a-poslani","status":"publish","type":"page","link":"https:\/\/elisek.cz\/zdravotnicek\/nase-cile-vize-a-poslani\/","title":{"rendered":"Na\u0161e c\u00edle, vize a posl\u00e1n\u00ed"},"content":{"rendered":"\t\t<div data-elementor-type=\"wp-page\" data-elementor-id=\"34943\" class=\"elementor elementor-34943\">\n\t\t\t\t\t\t<section class=\"elementor-section elementor-top-section elementor-element elementor-element-1c277286 elementor-section-boxed elementor-section-height-default elementor-section-height-default\" data-id=\"1c277286\" data-element_type=\"section\">\n\t\t\t\t\t\t<div class=\"elementor-container elementor-column-gap-default\">\n\t\t\t\t\t<div class=\"elementor-column elementor-col-100 elementor-top-column elementor-element elementor-element-57ee242e\" data-id=\"57ee242e\" data-element_type=\"column\">\n\t\t\t<div class=\"elementor-widget-wrap elementor-element-populated\">\n\t\t\t\t\t\t<div class=\"elementor-element elementor-element-2f24bd9d lte-heading-align-tablet-center elementor-widget elementor-widget-lte-header\" data-id=\"2f24bd9d\" data-element_type=\"widget\" data-widget_type=\"lte-header.default\">\n\t\t\t\t<div class=\"elementor-widget-container\">\n\t\t\t\t\t<div class=\"lte-heading lte-style-header-subheader lte-subcolor-main has-subheader heading-tag-h2 heading-subtag-h6\"><div class=\"lte-heading-content\"><h6 class=\"lte-subheader\">Jak\u00e9 hodnoty jsou pro n\u00e1s kl\u00ed\u010dov\u00e9?<\/h6><h2 class=\"lte-header\">Na\u0161e c\u00edle, vize a posl\u00e1n\u00ed<\/h2><\/div><\/div>\t\t\t\t<\/div>\n\t\t\t\t<\/div>\n\t\t\t\t<div class=\"elementor-element elementor-element-6625d4e2 elementor-widget elementor-widget-text-editor\" data-id=\"6625d4e2\" data-element_type=\"widget\" data-widget_type=\"text-editor.default\">\n\t\t\t\t<div class=\"elementor-widget-container\">\n\t\t\t\t\t\t\t\t\t<p data-pm-slice=\"1 1 []\">Na\u0161\u00ed viz\u00ed je nab\u00eddnout d\u011btem mo\u017enost z\u00edskat vlastn\u00ed zku\u0161enosti v mal\u00e9m kolektivu, kde se u\u010d\u00ed \u00fact\u011b k druh\u00e9mu, sob\u011b sam\u00e9mu a v neposledn\u00ed \u0159ad\u011b k p\u0159\u00edrod\u011b, ve kter\u00e9 chceme tr\u00e1vit co nejv\u00edce \u010dasu za ka\u017ed\u00e9ho po\u010das\u00ed.<\/p><p>Na\u0161\u00edm posl\u00e1n\u00edm je poskytnout bezpe\u010dn\u00fd prostor, kde ka\u017ed\u00e9 d\u00edt\u011b m\u00e1 sv\u00e9 m\u00edsto a v\u00fdchovou jej v\u00e9st k respektu ke v\u0161emu \u017eiv\u00e9mu i ne\u017eiv\u00e9mu. Hled\u00edme na prvn\u00ed a pr\u016fb\u011b\u017enou socializaci d\u00edt\u011bte ve zdrav\u00e9m, bezpe\u010dn\u00e9m a p\u0159edev\u0161\u00edm podn\u011btn\u00e9m z\u00e1zem\u00ed. Vedeme d\u011bti ke zdrav\u00e9mu pohybu, \u017eivotn\u00edmu stylu a aktivn\u011b str\u00e1ven\u00e9mu \u010dasu v p\u0159\u00edrodn\u00edm prost\u0159ed\u00ed, kter\u00e9 chceme, aby si d\u011bti zamilovaly.<\/p><p>Na\u0161\u00edm c\u00edlem je nab\u00eddnout p\u00e9\u010di o d\u011bti rodi\u010d\u016fm, kte\u0159\u00ed pl\u00e1nuj\u00ed n\u00e1vrat do pracovn\u00edho kolob\u011bhu a cht\u011bj\u00ed sv\u00e9 d\u011bti um\u00edstit do men\u0161\u00edho kolektivu, kde se jim bude pln\u011b v\u011bnovat \u0161kolen\u00fd person\u00e1l \u2013 \u201ech\u016fvi\u010dky\u201c\/\u201etety\u201c\/pedagog, pro kter\u00e9 je d\u00edt\u011b, jeho spokojenost a rozvoj v\u017edy na prvn\u00edm m\u00edst\u011b. D\u011bti chceme optim\u00e1ln\u011b rozv\u00edjet v p\u0159\u00edjemn\u00e9m a bezpe\u010dn\u00e9m prost\u0159ed\u00ed s edukativn\u00edmi hra\u010dkami, z\u00e1bavn\u00fdm programem, kreativn\u00edm tvo\u0159en\u00edm a pobytem venku za ka\u017ed\u00e9ho po\u010das\u00ed.<\/p><p>V\u011b\u0159\u00edme, \u017ee pohyb na \u010derstv\u00e9m vzduchu v p\u0159\u00edrodn\u00edm prost\u0159ed\u00ed je pro rozvoj hrub\u00e9 motoriky, v\u00edm\u00e1n\u00ed a pozn\u00e1v\u00e1n\u00ed kl\u00ed\u010dov\u00fd, a proto zaji\u0161\u0165ujeme intenzivn\u00ed pobyt venku. \u0158\u00edd\u00edme se heslem: &#8222;Nen\u00ed \u0161patn\u00e9ho po\u010das\u00ed, jen \u0161patn\u00e9ho oble\u010den\u00ed.&#8220; Od pozn\u00e1n\u00ed p\u0159\u00edrody vedeme d\u011bti k \u0161etrn\u00e9mu a udr\u017eiteln\u00e9mu rozvoji \u2013 u\u010d\u00edme je starat se o rostliny na zahr\u00e1dce, kompostovat, \u0161et\u0159it energiemi, t\u0159\u00eddit odpad a vyu\u017e\u00edvat jej k dal\u0161\u00edmu tvo\u0159en\u00ed a recyklaci v r\u00e1mci projektu &#8222;I odpad m\u016f\u017ee b\u00fdt poklad&#8220;.<\/p><p>I s nejmlad\u0161\u00edmi d\u011bti uplat\u0148ujeme komunitn\u00ed kruhy, kde se u\u010d\u00edme b\u00fdt sou\u010d\u00e1st\u00ed spole\u010dnosti, respektovat druh\u00e9 s jejich odli\u0161nostmi i p\u0159\u00e1n\u00edmi. C\u00edlem u p\u0159ed\u0161kol\u00e1k\u016f je pln\u011b rozvinout jejich potenci\u00e1l a zm\u00edrnit obavy rodi\u010d\u016f z n\u00e1stupu do \u0161koly. Podporujeme a rozv\u00edj\u00edme \u010dten\u00e1\u0159skou pregramotnost dle strategi\u00ed PhDr. Evy Ko\u017eeluhov\u00e9 Ph.D. Proto\u017ee r\u00e1di \u010dteme, pravideln\u011b nav\u0161t\u011bvujeme knihovnu, kde si d\u011bti vyb\u00edraj\u00ed knihy k pr\u016fb\u011b\u017en\u00e9mu \u010dten\u00ed. V na\u0161ich \u0161kolk\u00e1ch jsme vybudovali \u010dten\u00e1\u0159sk\u00fd koutek, kter\u00fd d\u011bti vede k l\u00e1sce ke knih\u00e1m.<\/p><p>Sou\u010d\u00e1st\u00ed na\u0161eho programu jsou tak\u00e9 divadeln\u00ed p\u0159edstaven\u00ed, tematick\u00e9 v\u00fdstavy a exkurze.<\/p><p>V\u011bd\u011bli jste, \u017ee pokud k n\u00e1m um\u00edst\u00edte svoji ratolest, rodi\u010dovsk\u00fd p\u0159\u00edsp\u011bvek V\u00e1m z\u016fst\u00e1v\u00e1?<\/p>\t\t\t\t\t\t\t\t<\/div>\n\t\t\t\t<\/div>\n\t\t\t\t\t<\/div>\n\t\t<\/div>\n\t\t\t\t\t<\/div>\n\t\t<\/section>\n\t\t\t\t<\/div>\n\t\t","protected":false},"excerpt":{"rendered":"<p>Jak\u00e9 hodnoty jsou pro n\u00e1s kl\u00ed\u010dov\u00e9? Na\u0161e c\u00edle, vize a posl\u00e1n\u00ed Na\u0161\u00ed viz\u00ed je nab\u00eddnout d\u011btem mo\u017enost z\u00edskat vlastn\u00ed zku\u0161enosti v mal\u00e9m kolektivu, kde se u\u010d\u00ed \u00fact\u011b k druh\u00e9mu, sob\u011b [&hellip;]<\/p>\n","protected":false},"author":1,"featured_media":0,"parent":0,"menu_order":0,"comment_status":"closed","ping_status":"closed","template":"","meta":{"footnotes":""},"class_list":["post-34943","page","type-page","status-publish","hentry"],"_links":{"self":[{"href":"https:\/\/elisek.cz\/zdravotnicek\/wp-json\/wp\/v2\/pages\/34943","targetHints":{"allow":["GET"]}}],"collection":[{"href":"https:\/\/elisek.cz\/zdravotnicek\/wp-json\/wp\/v2\/pages"}],"about":[{"href":"https:\/\/elisek.cz\/zdravotnicek\/wp-json\/wp\/v2\/types\/page"}],"author":[{"embeddable":true,"href":"https:\/\/elisek.cz\/zdravotnicek\/wp-json\/wp\/v2\/users\/1"}],"replies":[{"embeddable":true,"href":"https:\/\/elisek.cz\/zdravotnicek\/wp-json\/wp\/v2\/comments?post=34943"}],"version-history":[{"count":0,"href":"https:\/\/elisek.cz\/zdravotnicek\/wp-json\/wp\/v2\/pages\/34943\/revisions"}],"wp:attachment":[{"href":"https:\/\/elisek.cz\/zdravotnicek\/wp-json\/wp\/v2\/media?parent=34943"}],"curies":[{"name":"wp","href":"https:\/\/api.w.org\/{rel}","templated":true}]}}